 y = c + -38. Let z = -34 + 58. Calculate the greatest common divisor of y and z.
12
Let x = -19123 + 20282. What is the highest common divisor of 684 and x?
19
Suppose -22*c - 6 = -3*s - 19*c, -3*s - c + 18 = 0. Let j = 14 - 5. What is the greatest common divisor of j and s?
1
Let f(p) = -14*p**2 + 3*p + 0*p**3 - 7 + 9*p - 14*p - p**3. Let o be f(-14). Let w be -3*7/63*(-39 - 3). Calculate the greatest common factor of w and o.
7
Let b be (-4 + (-21)/(-4))/((-2)/72). Let r be 2/(-3) + (-390)/b. Let g be r/52 - 696/(-39). Calculate the highest common factor of 6 and g.
6
Suppose -235 - 280 = -103*a. What is the greatest common divisor of a and 815?
5
Let b(f) = -31*f + 6469. Let v be b(16). Calculate the greatest common divisor of 33 and v.
33
Let l(n) = -n**3 + 16*n**2 + 82*n - 814. Let j be l(18). Suppose -2*f - 43 = 3*d - 568, -2*d = 3*f - 350. Calculate the greatest common factor of d and j.
7
Let r = 264 - 324. Let i be (r/105)/((-2)/175). What is the highest common divisor of 50 and i?
50
Let k(o) = 553*o**2 + o. Let n be k(-1). Let p be 6 + 1 + (-24 - 9). Let i be (-13)/(p/n) + 3. What is the greatest common divisor of i and 31?
31
Let r(i) = i**3 - 6*i**2 + 2*i - 7. Let g be (-16)/64 - 25/(-4). Let a be r(g). Suppose -10*v = -a*v - 45. Calculate the greatest common factor of v and 15.
3
Let c be (9/2)/(60/9960). Calculate the greatest common divisor of 9 and c.
9
Suppose 0 = -4*j - 0*j + 92. Let u = 926 - 910. Suppose 0 = 4*m + h - 87, 17*h = 5*m + u*h - 120. What is the greatest common divisor of m and j?
23
Suppose 13 = 15*z - 46 + 14. Let y = 4 + -2. Suppose 2*n + 0*n - p = 9, -y*n + z = -3*p. Calculate the greatest common divisor of n and 6.
6
Suppose -27*w = -13*w + 52*w - 176022. What is the greatest common divisor of 21 and w?
21
Suppose 10*y - 2*y = -10*y + 46206. Calculate the greatest common divisor of y and 151.
151
Let u be -9*20*(-4)/6. Suppose x = -x + u. Suppose -z + 44*z - 97 = 419. What is the highest common divisor of z and x?
12
Let z be 595 + (3 - 17) - 5. Calculate the greatest common factor of 1792 and z.
64
Let t(k) = 28*k**2 - 8*k - 35. Let f be t(-3). Let q = f + -235. Calculate the greatest common factor of 24 and q.
6
Let r = 94 - 96. Let f(x) = 2*x**2 - 17*x - 28. Let i be f(r). Calculate the greatest common divisor of i and 70.
14
Suppose 0*c = -3*c + 75. Let m(x) = 5*x**2 - 359*x - 2383. Let s be m(-7). What is the highest common divisor of c and s?
25
Let k = -3 - 10. Let l = k + 33. Suppose 0 = i + 1 - 21. What is the greatest common factor of i and l?
20
Let o be 13270 - ((44/(-2))/(-2) - 12). Calculate the highest common factor of 92 and o.
23
Let y(k) = -k**3 + 4*k**2 + 2*k + 2. Let m be y(4). Suppose m*j + 360 = 13*j. Let a be 3/(-10)*-8*(-60)/(-3). Calculate the greatest common factor of j and a.
24
Suppose 3*u = -3*m + 1182, 3*m - 3 = 2*m. Let z = u + -371. What is the greatest common factor of z and 130?
10
Let x be 123/15*(-110)/(-33)*3. Calculate the greatest common divisor of 82 and x.
82
Let a(r) = 63*r - 365. Let p be a(10). Calculate the highest common divisor of p and 25.
5
Let n = -72 + 60. Let t be 226 - ((-4)/6 - 32/n). Suppose -60*g + t = -59*g. What is the highest common divisor of 32 and g?
32
Suppose -5*g + 154 + 113 = 117. What is the greatest common divisor of g and 76?
2
Let k = -19868 + 38222. What is the greatest common factor of 133 and k?
133
Let t = -3946 - -4082. What is the highest common divisor of t and 168?
8
Suppose -5*m + 4*o + 617 = 0, m = 5*o + 48 + 88. Let n be 61 + -1*10/5. Let f = n + -48. What is the greatest common factor of m and f?
11
Let d(i) = i**2 - 4*i - 42. Let w be d(9). Let c be 1 - w - -434 - (8 + -4). Suppose -5*z + c + 287 = 0. What is the greatest common factor of 13 and z?
13
Suppose -14 = 2*a - 2*n - 0, 5*a + n = -17. Let w be 3 - (3 + 2) - a. Suppose 4*z - 8 = p, 0 = -2*p - w*p. Calculate the greatest common factor of z and 10.
2
Let p(d) = 27*d + 2514. Let l be p(-93). Suppose 4*h - 6 = c, 5*h = -5*c + 3 + 17. What is the highest common factor of l and h?
1
Let o = -1121 + 1130. Suppose -6*r = -11*r + 20. What is the highest common divisor of o and r?
1
Suppose -5*m = -5*c - 535, 5*m = -4*c + c + 511. Let d = -54 + m. Let f be 60/16*8/3. Calculate the greatest common factor of f and d.
10
Let g be 981 + 40/(-15)*81/36. Calculate the highest common divisor of g and 8385.
195
Let l(w) = -54*w - 286. Let q(u) = -6*u + 114. Let o be q(20). Let a be l(o). Let k be (-19)/((-5)/2 + 2). Calculate the highest common divisor of a and k.
38
Suppose v - 5*v + 24 = -4*t, 22 = 3*v - 5*t. Let s(a) = 3*a - 4. Let p be s(v). What is the greatest common divisor of p and 4?
4
Suppose -4*z - 33 = -105. Suppose -3*w = -6 + z. Let k(x) = x**3 + 5*x**2 - 4*x - 3. Let i be k(w). What is the greatest common factor of i and 203?
29
Suppose 66*f = -8*w + 61*f + 70, w - 4 = -3*f. Calculate the highest common factor of w and 1730.
10
Let w be (-6)/10 + 46/10. Let s be -4 + 2 + 5 + 86. Suppose -3*o - 41 = -s. What is the greatest common factor of o and w?
4
Let f = 651 - 380. Suppose r - 583 = 5*x, -312 = -r + 3*x + f. Calculate the greatest common factor of r and 33.
11
Suppose 0 = 4*d + 3*v - 283683, -1144*v + 1146*v - 212760 = -3*d. Calculate the greatest common divisor of 318 and d.
318
Suppose -h - 397 + 195 + 322 = 0. Calculate the greatest common factor of 8520 and h.
120
Let c be -2 + (-2)/(-4) + 5083/(-46). Let k = -105 - c. What is the greatest common divisor of k and 14?
7
Suppose -2*b = 2*v - 30, 5*v - b + 3 = 60. Let d = 156 + -126. Calculate the greatest common factor of d and v.
6
Let w = -1857 - -2282. What is the greatest common factor of 34 and w?
17
Let v(z) = 69*z**2 - 2*z + 402. Let i be v(0). What is the greatest common divisor of i and 8978?
134
Suppose 16 = 4*z + 3*n, -3*n + 8*n - 16 = -4*z. Let g(h) = h**3 - 6*h**2 + 13*h - 14. Let y be g(z). Calculate the highest common factor of 744 and y.
6
Let x(v) = 2*v**2 - v - 11. Let j be ((-1)/(-2))/((-3)/18). Let c be x(j). Suppose 204 = 7*y + c*y. Calculate the highest common divisor of y and 20.
4
Suppose 0 = -c - 5*m - 68, -5*c - 54*m + 52*m = 248. Let j be ((-64)/c)/(3/18). What is the greatest common divisor of 744 and j?
8
Suppose -2*o - 3*k = -0*k - 22, 5*o - 33 = -2*k. Suppose 3*b + 0 - 144 = 3*p, 2*p = -o*b + 268. What is the highest common divisor of 39 and b?
13
Let p(r) = 5*r**3 - 23*r**2 + 71*r - 72. Let k be p(17). What is the highest common factor of 522 and k?
261
Suppose -3*s - 3 = -3*l, 22*s = 21*s - 5*l + 17. Suppose 0 = 3*k + s*k + 15, -13 = -2*o - 5*k. Let x = 70 + 154. What is the greatest common factor of x and o?
14
Let o be (32 - 25)/(-5 + 1162/231). What is the highest common factor of 1071 and o?
21
Let x be -162*(-325)/(-130)*4/(-10). What is the greatest common factor of x and 5427?
81
Let c be 1012/9 - -4*(-3)/27. Suppose 2*n + 0*n - c = -2*t, -2*t = 4*n - 114. Calculate the greatest common divisor of t and 110.
55
Suppose 231*o - 5237 = 3720 + 745. Let h(p) = 17*p**3 - 2*p**2 - 3*p + 6. Let a be h(4). What is the highest common divisor of o and a?
42
Let k be (-2 - 2) + (-63)/(-7). Suppose k*v - 4*v - 2*s - 13 = 0, -2*v - 2*s = -2. Calculate the greatest common divisor of 15 and v.
5
Let d(z) = -706*z + 7823. Let y be d(11). What is the greatest common factor of y and 4503?
57
Let b be 26/10 - 6/10. Let c be 117*6/(12/b). Calculate the highest common divisor of c and 27.
9
Let v(o) be the first derivative of 2*o**2 - 43*o - 113. Let c = 32 + -14. Let w be v(c). What is the greatest common factor of w and 261?
29
Let z be -1 + (-39412)/(-7) - 62/217. What is the greatest common factor of 26 and z?
13
Suppose 1884 + 332 = 294*x + 452. Let n = 46 + -4. What is the greatest common divisor of x and n?
6
Let b be (-1 + 1)/(-3) - (-410)/5. Suppose 0 = -2*m + 10, -4*m + b = 4*i - 14. What is the highest common factor of 57 and i?
19
Let d(r) = -3*r**3 - r**2 + 17. Let p(k) = -4*k**3 - k**2 + k + 18. Let t(g) = 6*d(g) - 5*p(g). Let c be t(4). What is the highest common divisor of c and 8?
8
Let t be 10/4 - (-2 + (-15)/(-6)). Suppose 8*k - 50 = -t*k. Suppose k*v + 2016 = 13*v. What is the greatest common divisor of 28 and v?
28
Let a = 197 + -205. Let w be 404 + 5 - 16/(a/(-2)). Wh